igit of 3195?
3
What is the units digit of 297?
7
What is the tens digit of 1175?
7
What is the hundreds digit of 10125?
1
What is the units digit of 737?
7
What is the hundreds digit of 892?
8
What is the hundreds digit of 989?
9
What is the tens digit of 97671?
7
What is the tens digit of 52155?
5
What is the tens digit of 29242?
4
What is the tens digit of 2505?
0
What is the hundreds digit of 4756?
7
What is the hundreds digit of 4479?
4
What is the tens digit of 183?
8
What is the hundreds digit of 10306?
3
What is the units digit of 1734?
4
What is the thousands digit of 17734?
7
What is the thousands digit of 2280?
2
What is the tens digit of 50397?
9
What is the ten thousands digit of 112209?
1
What is the tens digit of 2195?
9
What is the ten thousands digit of 107599?
0
What is the tens digit of 61761?
6
What is the hundreds digit of 533?
5
What is the tens digit of 21629?
2
What is the tens digit of 1628?
2
What is the hundreds digit of 10970?
9
What is the tens digit of 11?
1
What is the units digit of 133?
3
What is the units digit of 276?
6
What is the tens digit of 9836?
3
What is the hundreds digit of 387?
3
What is the thousands digit of 8581?
8
What is the units digit of 16992?
2
What is the hundreds digit of 55351?
3
What is the units digit of 9184?
4
What is the thousands digit of 13534?
3
What is the tens digit of 37599?
9
What is the thousands digit of 42357?
2
What is the hundreds digit of 1534?
5
What is the thousands digit of 1414?
1
What is the tens digit of 247?
4
What is the tens digit of 679?
7
What is the tens digit of 216?
1
What is the thousands digit of 7605?
7
What is the units digit of 2957?
7
What is the hundreds digit of 1122?
1
What is the ten thousands digit of 55327?
5
What is the hundreds digit of 961?
9
What is the units digit of 15718?
8
What is the ten thousands digit of 21459?
2
What is the units digit of 4922?
2
What is the units digit of 28688?
8
What is the units digit of 25982?
2
What is the units digit of 228?
8
What is the tens digit of 912?
1
What is the units digit of 988?
8
What is the thousands digit of 9701?
9
What is the tens digit of 25108?
0
What is the units digit of 155503?
3
What is the thousands digit of 42949?
2
What is the thousands digit of 7286?
7
What is the thousands digit of 1963?
1
What is the units digit of 8113?
3
What is the thousands digit of 4128?
4
What is the hundreds digit of 2550?
5
What is the tens digit of 380?
8
What is the tens digit of 30559?
5
What is the tens digit of 60?
6
What is the tens digit of 5716?
1
What is the thousands digit of 80178?
0
What is the units digit of 12288?
8
What is the hundreds digit of 7435?
4
What is the hundreds digit of 751?
7
What is the thousands digit of 4005?
4
What is the hundreds digit of 984?
9
What is the hundreds digit of 6203?
2
What is the thousands digit of 1153?
1
What is the units digit of 141?
1
What is the tens digit of 86251?
5
What is the units digit of 4179?
9
What is the hundred thousands digit of 124734?
1
What is the tens digit of 2252?
5
What is the units digit of 11158?
8
What is the hundreds digit of 8852?
8
What is the thousands digit of 13173?
3
What is the tens digit of 295?
9
What is the ten thousands digit of 37885?
3
What is the units digit of 118?
8
What is the units digit of 116346?
6
What is the thousands digit of 1055?
1
What is the hundreds digit of 1501?
5
What is the tens digit of 772?
7
What is the thousands digit of 42674?
2
What is the hundreds digit of 8472?
4
What is the hundreds digit of 807?
8
What is the thousands digit of 2066?
2
What is the thousands digit of 8424?
8
What is the hundreds digit of 1979?
9
What is the hundreds digit of 1744?
7
What is the hundreds digit of 1450?
4
What is the units digit of 2414?
4
What is the tens digit of 53641?
4
What is the thousands digit of 4946?
4
What is the units digit of 21547?
7
What is the thousands digit of 4298?
4
What is the ten thousands digit of 13810?
1
What is the thousands digit of 1107?
1
What is the units digit of 129?
9
What is the hundreds digit of 16120?
1
What is the hundreds digit of 762?
7
What is the hundreds digit of 2392?
3
What is the units digit of 25009?
9
What is the thousands digit of 2577?
2
What is the tens digit of 3038?
3
What is the hundreds digit of 1936?
9
What is the tens digit of 82634?
3
What is the tens digit of 136984?
8
What is the thousands digit of 44465?
4
What is the tens digit of 2158?
5
What is the tens digit of 1595?
9
What is the thousands digit of 20365?
0
What is the tens digit of 8663?
6
What is the tens digit of 2655?
5
What is the thousands digit of 4427?
4
What is the hundreds digit of 1269?
2
What is the thousands digit of 1024?
1
What is the units digit of 563?
3
What is the hundreds digit of 17508?
5
What is the units digit of 40120?
0
What is the units digit of 2782?
2
What is the tens digit of 14362?
6
What is the thousands digit of 2707?
2
What is the thousands digit of 13794?
3
What is the tens digit of 63836?
3
What is the hundreds digit of 3365?
3
What is the tens digit of 16445?
4
What is the tens digit of 5270?
7
What is the ten thousands digit of 104284?
0
What is the units digit of 10044?
4
What is the tens digit of 1075?
7
What is the hundreds digit of 2141?
1
What is the tens digit of 61?
6
What is the thousands digit of 10360?
0
What is the units digit of 677?
7
What is the units digit of 1770?
0
What is the ten thousands digit of 29467?
2
What is the hundreds digit of 14353?
3
What is the hundreds digit of 19003?
0
What is the tens digit of 6975?
7
What is the units digit of 48788?
8
What is the hundreds digit of 603?
6
What is the hundreds digit of 407?
4
What is the tens digit of 1356?
5
What is the thousands digit of 4251?
4
What is the hundreds digit of 78424?
4
What is the ten thousands digit of 27382?
2
What is the hundreds digit of 12360?
3
What is the thousands digit of 2720?
2
What is the hundreds digit of 5032?
0
What is the thousands digit of 2951?
2
What is the hundreds digit of 38985?
9
What is the thousands digit of 6495?
6
What is the thousands digit of 1065?
1
What is the tens digit of 2813?
1
What is the hundreds digit of 3974?
9
What is the hundreds digit of 50293?
2
What is the tens digit of 3591?
9
What is the ten thousands digit of 14795?
1
What is the tens digit of 89905?
0
What is the ten thousands digit of 45519?
4
What is the hundreds digit of 8514?
5
What is the hundreds digit of 92429?
4
What is the hundreds digit of 437?
4
What is the ten thousands digit of 92043?
9
What is the hundreds digit of 1655?
6
What is the thousands digit of 93102?
3
What is the hundreds digit of 5447?
4
What is the units digit of 30391?
1
What is the hundreds digit of 803?
8
What is the thousands digit of 7321?
7
What is the tens digit of 140315?
1
What is the hundreds digit of 20716?
7
What is the tens digit of 668?
6
What is the thousands digit of 9788?
9
What is the hundreds digit of 109?
1
What is the units digit of 19956?
6
What is the tens digit of 11084?
8
What is the tens digit of 626?
2
What is the tens digit of 448?
4
What is the thousands digit of 9097?
9
What is the ten thousands digit of 15057?
1
What is the thousands digit of 158620?
8
What is the units digit of 2943?
3
What is the tens digit of 24469?
6
What is the thousands digit of 23781?
3
What is the hundreds digit of 15737?
7
What is the units digit of 48033?
3
What is the hundreds digit of 285?
2
What is the thousands digit of 62101?
2
What is the ten thousands digit of 12571?
1
What is the hundreds digit of 3975?
9
What is the ten thousands digit of 41340?
4
What is the units digit of 9?
9
What is the units digit of 941?
1
What is the units digit of 1285?
5
What is the thousands digit of 2485?
2
What is the thousands digit of 2355?
2
What is the tens digit of 3408?
0
What is the thousands digit of 28265?
8
What is the units digit of 1689?
9
What is the tens digit of 16067?
6
What is the thousands digit of 80275?
0
What is the tens digit of 11108?
0
What is the thousands digit of 1906?
1
What is the tens digit of 276?
7
What is the hundreds digit of 13110?
1
What is the thousands digit of 16453?
6
What is the tens digit of 5391?
9
What is the tens digit of 31099?
9
What is the thousands digit 